{"id":3572,"date":"2023-09-22T15:16:00","date_gmt":"2023-09-22T13:16:00","guid":{"rendered":"https:\/\/formations.com3elles.org\/ecowhatdev\/particuliers\/?post_type=product&#038;p=3572"},"modified":"2025-06-09T16:25:32","modified_gmt":"2025-06-09T14:25:32","slug":"regulateur-de-debit-orientable-et-multi-jet-cuisine-5l-min","status":"publish","type":"product","link":"https:\/\/formations.com3elles.org\/ecowhatdev\/particuliers\/produit\/regulateur-de-debit-orientable-et-multi-jet-cuisine-5l-min\/","title":{"rendered":"R\u00e9gulateur de d\u00e9bit orientable et multi jet &#8211; Cuisine (5L\/min)"},"content":{"rendered":"<p><b>Description du produit<\/b><\/p>\n<ul>\n<li>2 modes de r\u00e9glages : mode classique ou spray.<\/li>\n<li>Rotation \u00e0 360\u00b0 : peut-\u00eatre facilement orient\u00e9 vers n&rsquo;importe quelle position de l&rsquo;\u00e9vier, est donc tr\u00e8s appropri\u00e9 pour les \u00e9viers ou les robinets avec des sorties d&rsquo;eau \u00e9lev\u00e9es.<\/li>\n<li>Installation rapide : pas besoin d&rsquo;outil, se visse \u00e0 la place de l&rsquo;ancienne bague inox.<\/li>\n<li>R\u00e9ducteur de d\u00e9bit : \u00e9conomie de 30 \u00e0 75% suivant votre d\u00e9bit initial.<\/li>\n<\/ul>\n<p><b>Caract\u00e9ristiques techniques :<br \/>\n<\/b><\/p>\n<p>Mat\u00e9riel: plastique ABS de haute qualit\u00e9<\/p>\n<p>Hauteur de brise jet robinet: 4,5 cm; diam\u00e8tre: 2,8 cm<\/p>\n<p><strong>Les \u00e9conomie d&rsquo;eau comment \u00e7a marche ?<\/strong><\/p>\n<p>Un robinet standard consomme en moyenne 12 \u00e0 20 L d\u2019eau potable par minute!<\/p>\n<p>Ceci est d\u00fb au d\u00e9bit d\u2019eau qui s\u2019\u00e9coule de vos robinetteries.<\/p>\n<p><strong><span style=\"color: #34b256;\">Installer des limiteurs de d\u00e9bit permet d\u2019\u00e9conomiser l\u2019eau potable \u00e0 la sortie de vos robinets, sans perte de confort.<\/span> <\/strong><\/p>\n<p><strong>Comment\u00a0?<\/strong><\/p>\n<p>Lorsque vous ouvrez votre robinet, l&rsquo;A\u00e9rateur r\u00e9gulateur m\u00e9lange l\u2019eau potable avec de l\u2019air, ce qui r\u00e9duit le d\u00e9bit de sortie de votre robinetterie (Fonction a\u00e9rateur).<br \/>\nC\u2019est le principe du <em>ph\u00e9nom\u00e8ne hydraulique Venturi<\/em>.<\/p>\n<p>Le m\u00e9canisme interne le r\u00e9gule \u00e0 5L par minute de mani\u00e8re constante, quelle que soit la pression en Bar de votre plomberie (Fonction r\u00e9gulateur).<\/p>\n<p><strong>Vos robinets consommeront d\u00e9sormais 5 L d&rsquo;eau potable par minute !<\/strong><\/p>\n","protected":false},"excerpt":{"rendered":"<p>R\u00e9gulateur de d\u00e9bit orientable et multi jet pour robinet de cuisine &#8211; autor\u00e9gul\u00e9 et universel (type F22 \/ M24)<\/p>\n<ul>\n<li>2 modes de r\u00e9glages : mode classique ou spray.<\/li>\n<li>Rotation \u00e0 360\u00b0 : peut-\u00eatre facilement orient\u00e9 vers n&rsquo;importe quelle position de l&rsquo;\u00e9vier, est donc tr\u00e8s appropri\u00e9 pour les \u00e9viers ou les robinets avec des sorties d&rsquo;eau \u00e9lev\u00e9es.<\/li>\n<li>Installation rapide : pas besoin d&rsquo;outil, se visse \u00e0 la place de l&rsquo;ancienne bague inox.<\/li>\n<li>R\u00e9ducteur de d\u00e9bit : \u00e9conomie de 30 \u00e0 75% suivant votre d\u00e9bit initial.<\/li>\n<\/ul>\n","protected":false},"featured_media":3795,"comment_status":"open","ping_status":"closed","template":"","meta":[],"product_brand":[],"product_cat":[86,101],"product_tag":[89,87,70,71,88],"class_list":{"0":"post-3572","1":"product","2":"type-product","3":"status-publish","4":"has-post-thumbnail","6":"product_cat-hydro-econome","7":"product_cat-vrac","8":"product_tag-cuisine","9":"product_tag-hydro-econome","10":"product_tag-limiteur-de-debit","11":"product_tag-mousseur","12":"product_tag-robinet","14":"first","15":"instock","16":"purchasable","17":"product-type-simple"},"_links":{"self":[{"href":"https:\/\/formations.com3elles.org\/ecowhatdev\/particuliers\/wp-json\/wp\/v2\/product\/3572","targetHints":{"allow":["GET"]}}],"collection":[{"href":"https:\/\/formations.com3elles.org\/ecowhatdev\/particuliers\/wp-json\/wp\/v2\/product"}],"about":[{"href":"https:\/\/formations.com3elles.org\/ecowhatdev\/particuliers\/wp-json\/wp\/v2\/types\/product"}],"replies":[{"embeddable":true,"href":"https:\/\/formations.com3elles.org\/ecowhatdev\/particuliers\/wp-json\/wp\/v2\/comments?post=3572"}],"wp:featuredmedia":[{"embeddable":true,"href":"https:\/\/formations.com3elles.org\/ecowhatdev\/particuliers\/wp-json\/wp\/v2\/media\/3795"}],"wp:attachment":[{"href":"https:\/\/formations.com3elles.org\/ecowhatdev\/particuliers\/wp-json\/wp\/v2\/media?parent=3572"}],"wp:term":[{"taxonomy":"product_brand","embeddable":true,"href":"https:\/\/formations.com3elles.org\/ecowhatdev\/particuliers\/wp-json\/wp\/v2\/product_brand?post=3572"},{"taxonomy":"product_cat","embeddable":true,"href":"https:\/\/formations.com3elles.org\/ecowhatdev\/particuliers\/wp-json\/wp\/v2\/product_cat?post=3572"},{"taxonomy":"product_tag","embeddable":true,"href":"https:\/\/formations.com3elles.org\/ecowhatdev\/particuliers\/wp-json\/wp\/v2\/product_tag?post=3572"}],"curies":[{"name":"wp","href":"https:\/\/api.w.org\/{rel}","templated":true}]}}