{"id":1580,"date":"2019-08-26T14:00:58","date_gmt":"2019-08-26T14:00:58","guid":{"rendered":"https:\/\/formations.com3elles.org\/ecowhatdev\/particuliers\/?post_type=product&#038;p=1580"},"modified":"2026-03-05T21:49:58","modified_gmt":"2026-03-05T20:49:58","slug":"aerateur-regulateur-de-debit-5l-min","status":"publish","type":"product","link":"https:\/\/formations.com3elles.org\/ecowhatdev\/particuliers\/produit\/aerateur-regulateur-de-debit-5l-min\/","title":{"rendered":"Mousseur autor\u00e9gul\u00e9 &#8211; Cuisine (5L\/min)"},"content":{"rendered":"<p><strong>Un ro<\/strong><strong>binet standard consomme en moyenne 12 \u00e0 20 L d\u2019eau potable par minute!<\/strong><\/p>\n<p>Ceci est d\u00fb au d\u00e9bit d\u2019eau qui s\u2019\u00e9coule de vos robinetteries.<\/p>\n<p><strong><span style=\"color: #34b256;\">Installer les A\u00e9rateurs r\u00e9gulateurs de d\u00e9bit permet d\u2019\u00e9conomiser l\u2019eau potable \u00e0 la sortie de vos robinets, sans perte de confort.<\/span> <\/strong><\/p>\n<p><strong>Comment\u00a0?<\/strong><\/p>\n<p>Lorsque vous ouvrez votre robinet, l&rsquo;A\u00e9rateur r\u00e9gulateur m\u00e9lange l\u2019eau potable avec de l\u2019air, ce qui r\u00e9duit le d\u00e9bit de sortie de votre robinetterie (Fonction a\u00e9rateur).<br \/>\nC\u2019est le principe du <em>ph\u00e9nom\u00e8ne hydraulique Venturi<\/em>.<\/p>\n<p>Le m\u00e9canisme interne le r\u00e9gule \u00e0 5L par minute de mani\u00e8re constante, quelle que soit la pression en Bar de votre plomberie (Fonction r\u00e9gulateur).<\/p>\n<p><strong>Vos robinets consommeront d\u00e9sormais 5 L d&rsquo;eau potable par minute!<\/strong><\/p>\n","protected":false},"excerpt":{"rendered":"<p>A\u00e9rateur limiteur de d\u00e9bit 5L\/min pour robinet &#8211; autor\u00e9gul\u00e9\u00a0 et universel<\/p>\n<p>Standard et universel<br \/>\nId\u00e9al pour le robinet de cuisine et de salle de bain<br \/>\nD\u00e9bit autor\u00e9gul\u00e9 (constant) de 5L\/min<br \/>\nPression d&rsquo;utilisation : 1,4 \u00e0 5,5 bars<br \/>\nR\u00e9sistance au tartre et au calcaire<br \/>\nCertifi\u00e9 Attestation de Conformit\u00e9 Sanitaire (ACS)<br \/>\nCertifi\u00e9 EPA WaterSense<\/p>\n","protected":false},"featured_media":840,"comment_status":"open","ping_status":"closed","template":"","meta":[],"product_brand":[],"product_cat":[86,101],"product_tag":[89,87,70,71,88],"class_list":{"0":"post-1580","1":"product","2":"type-product","3":"status-publish","4":"has-post-thumbnail","6":"product_cat-hydro-econome","7":"product_cat-vrac","8":"product_tag-cuisine","9":"product_tag-hydro-econome","10":"product_tag-limiteur-de-debit","11":"product_tag-mousseur","12":"product_tag-robinet","14":"first","15":"instock","16":"sale","17":"purchasable","18":"product-type-simple"},"_links":{"self":[{"href":"https:\/\/formations.com3elles.org\/ecowhatdev\/particuliers\/wp-json\/wp\/v2\/product\/1580","targetHints":{"allow":["GET"]}}],"collection":[{"href":"https:\/\/formations.com3elles.org\/ecowhatdev\/particuliers\/wp-json\/wp\/v2\/product"}],"about":[{"href":"https:\/\/formations.com3elles.org\/ecowhatdev\/particuliers\/wp-json\/wp\/v2\/types\/product"}],"replies":[{"embeddable":true,"href":"https:\/\/formations.com3elles.org\/ecowhatdev\/particuliers\/wp-json\/wp\/v2\/comments?post=1580"}],"wp:featuredmedia":[{"embeddable":true,"href":"https:\/\/formations.com3elles.org\/ecowhatdev\/particuliers\/wp-json\/wp\/v2\/media\/840"}],"wp:attachment":[{"href":"https:\/\/formations.com3elles.org\/ecowhatdev\/particuliers\/wp-json\/wp\/v2\/media?parent=1580"}],"wp:term":[{"taxonomy":"product_brand","embeddable":true,"href":"https:\/\/formations.com3elles.org\/ecowhatdev\/particuliers\/wp-json\/wp\/v2\/product_brand?post=1580"},{"taxonomy":"product_cat","embeddable":true,"href":"https:\/\/formations.com3elles.org\/ecowhatdev\/particuliers\/wp-json\/wp\/v2\/product_cat?post=1580"},{"taxonomy":"product_tag","embeddable":true,"href":"https:\/\/formations.com3elles.org\/ecowhatdev\/particuliers\/wp-json\/wp\/v2\/product_tag?post=1580"}],"curies":[{"name":"wp","href":"https:\/\/api.w.org\/{rel}","templated":true}]}}